{"id":1196,"date":"2020-06-12T08:03:00","date_gmt":"2020-06-12T05:03:00","guid":{"rendered":"https:\/\/www.herbalfitclub.com\/?post_type=product&#038;p=1196"},"modified":"2023-11-19T17:01:21","modified_gmt":"2023-11-19T14:01:21","slug":"neon-shaker-yesil","status":"publish","type":"product","link":"https:\/\/www.herbalfitclub.com\/index.php\/urun\/neon-shaker-yesil\/","title":{"rendered":"Neon Shaker Ye\u015fil"},"content":{"rendered":"<ul>\n<li>\u015eimdi Shakerlar\u0131n\u0131z rengarenk<\/li>\n<\/ul>\n","protected":false},"excerpt":{"rendered":"<p>\u015eimdi Shakerlar\u0131n\u0131z rengarenk<\/p>\n","protected":false},"featured_media":1197,"comment_status":"closed","ping_status":"closed","template":"","meta":{"_joinchat":[]},"product_cat":[37],"product_tag":[],"_links":{"self":[{"href":"https:\/\/www.herbalfitclub.com\/index.php\/wp-json\/wp\/v2\/product\/1196"}],"collection":[{"href":"https:\/\/www.herbalfitclub.com\/index.php\/wp-json\/wp\/v2\/product"}],"about":[{"href":"https:\/\/www.herbalfitclub.com\/index.php\/wp-json\/wp\/v2\/types\/product"}],"replies":[{"embeddable":true,"href":"https:\/\/www.herbalfitclub.com\/index.php\/wp-json\/wp\/v2\/comments?post=1196"}],"wp:featuredmedia":[{"embeddable":true,"href":"https:\/\/www.herbalfitclub.com\/index.php\/wp-json\/wp\/v2\/media\/1197"}],"wp:attachment":[{"href":"https:\/\/www.herbalfitclub.com\/index.php\/wp-json\/wp\/v2\/media?parent=1196"}],"wp:term":[{"taxonomy":"product_cat","embeddable":true,"href":"https:\/\/www.herbalfitclub.com\/index.php\/wp-json\/wp\/v2\/product_cat?post=1196"},{"taxonomy":"product_tag","embeddable":true,"href":"https:\/\/www.herbalfitclub.com\/index.php\/wp-json\/wp\/v2\/product_tag?post=1196"}],"curies":[{"name":"wp","href":"https:\/\/api.w.org\/{rel}","templated":true}]}}